p - 144*p + 1334506. What is the ten thousands digit of p?
1
Let m = 43 - -43. Let t = m + -123. Let i = t + 64. What is the tens digit of i?
2
Suppose -120 = 5*k + 60. Suppose -4*p + 61 = 2*b - 57, 0 = 2*b + p - 103. Let g = b + k. What is the tens digit of g?
1
Let c(f) = 333*f + 4. Let k be c(1). Suppose -5*b = -5*s + k + 58, 3*b - 323 = -4*s. What is the tens digit of s?
8
Suppose -j + 38 = 2*o, -5*j - 9*o = -4*o - 190. Suppose -994 = -5*x + 2*m, 4*x = m - 2*m + 803. What is the tens digit of ((-57)/j)/((-6)/x)?
5
Suppose 0*z - 4*z = -2*r + 18, -2*r = 4*z + 6. Suppose 3*v = -3*h + 21 + 36, r*h - v - 57 = 0. What is the units digit of h?
9
Suppose -63*y + 54*y = -18. Let h(z) = 180*z**3 + 10*z - 9. What is the thousands digit of h(y)?
1
Suppose -4*j = 4*o + 4732, j - 43*o + 1177 = -42*o. Let i = j - -2378. What is the hundreds digit of i?
1
Suppose 3*r = -4*s + 31768 + 75188, -53464 = -2*s - 5*r. What is the tens digit of s?
4
Let u(v) = -75*v - 5. Let y be u(-4). Suppose 13*h + 780 = 2275. Let o = y - h. What is the tens digit of o?
8
Let q = 8271 - -498. What is the thousands digit of q?
8
Suppose -23*s + 18*s + 840 = -5*j, 0 = 3*j + s + 520. Let h = 202 + j. What is the tens digit of h?
3
Let b(x) = 2*x**2 + 18*x - 7. Let m be b(-12). Let s = m + -21. Suppose 49*r - s*r = 760. What is the hundreds digit of r?
1
Suppose -4*t + 5*o + 43125 = 0, 2*t + 21*o - 20*o = 21559. What is the hundreds digit of t?
7
Suppose k - 3920 = c + 1537, 2*k + c = 10905. What is the tens digit of k?
5
Suppose -2760 = 4*n + 4*n. Let q = 52 - n. What is the units digit of q?
7
Let t = -46 + 52. Suppose 4*b = t*b - a - 2337, -2*b = 4*a - 2352. What is the hundreds digit of b?
1
Suppose -4*h = -32, -19663 + 65921 = 2*c - 2*h. What is the thousands digit of c?
3
Let q = -62 - -71. Suppose j + 16 = q*j. What is the units digit of j + (-18)/(-4)*(-50)/(-15)?
7
Suppose 0 = -2*g - 2*l + 18166, l + 1525 = -2*g + 19686. What is the thousands digit of g?
9
Suppose -3*p = 3*v + 2*p - 210, 2*p - 136 = -2*v. Suppose -3*q + 2*y + 65 = 0, 23 = -2*q - 5*y + 79. Let n = v + q. What is the tens digit of n?
8
Let t = -34 - -34. Suppose 3*g + 4*x - 975 - 83 = 0, t = 4*g + 4*x - 1408. What is the units digit of g?
0
Suppose -58299 = -3*l - c + 74400, 2*l = -5*c + 88479. What is the tens digit of l?
3
Let a = -73 + 92. Let l(p) = p**2 - 2*p - 28. What is the units digit of l(a)?
5
Let l(w) = -65*w - 66*w + 21 + 160*w. What is the tens digit of l(13)?
9
Suppose 31*n = 349362 - 93643. What is the units digit of n?
9
Let k(g) = -g**3 - 15*g**2 + 16*g. Suppose -2*y = -3*w + 46, 4*y + 4*w + 35 = y. What is the hundreds digit of k(y)?
3
Suppose -94952 = -5*z + 2*r, -7*z + r = -9*z + 37979. What is the thousands digit of z?
8
Let h(u) = u**2 - 2*u + 3. Suppose 37 = -3*r - 5*t, -2*t + 10 = 6*r - 11*r. Let p(k) = -k + 7. Let d be p(r). What is the units digit of h(d)?
2
Suppose 1220 = -7*q - 306. Let g = -57 - q. What is the units digit of g?
1
Let f = 101444 - 56889. What is the hundreds digit of f?
5
Suppose 2*a = -1 + 13. Let i be (6/(3/(-1)))/(a/12). What is the tens digit of 3*-1*((-115)/15 - i)?
1
Let d(k) = -35*k**3 - 8*k**2 - 10*k - 38. Let f be d(-4). Let l = 3737 - f. What is the tens digit of l?
2
Suppose 3*c = 125 - 140. What is the tens digit of (c - 0)*(-5440)/200?
3
Let o(d) = 6*d**2 - 301*d + 245. What is the units digit of o(84)?
7
Let r(t) = 3*t + 6. Let h be r(2). Suppose z + 4*u = h, 2*z + u = -4*u + 18. What is the units digit of (z/3)/((-4)/(-366))?
2
Let z = 4741 - -1468. What is the tens digit of z/21 - (-12)/9?
9
Suppose 2*d - 6 = -4*o, 3*d + 3*o = 8 - 2. Let v be 1*d*(2 + 2/(-1)). Suppose 6*y - 2*y + z - 403 = v, 2*z = 5*y - 494. What is the units digit of y?
0
Let p(g) = -14*g + 3*g**2 - 4 + 7*g + 2*g. Let b(y) = 3*y - 4. Let a be b(0). What is the tens digit of p(a)?
6
Suppose 2*s + 14388 - 62362 = -2*p, 0 = 2*p - s - 47986. What is the thousands digit of p?
3
Suppose 5*l = v - 1060, -l + 51 - 2135 = -2*v. What is the thousands digit of v?
1
Let k(n) = 372*n + 608. What is the thousands digit of k(5)?
2
Let o = 51 + -40. Suppose 4*j = -o*j + 1350. What is the tens digit of j?
9
Suppose k - 5 = -2*z, 2*z - 4*z - 2*k = -6. Let m be 14400/55 - 2/(-22)*z. Suppose -6*h = 22 - m. What is the tens digit of h?
4
Let u be 336/18*474/(-8). What is the hundreds digit of (u/(-63)*3)/((-3)/(-45))?
7
Let b(q) = 7*q**2 - 2*q - 5. Let g be b(12). Suppose -4*t = -5*v - g, -t + 4*v - 8*v + 271 = 0. What is the tens digit of t?
5
Let w = 4325 + -2501. Suppose 0 = -9*a + a + w. What is the units digit of a?
8
Let f(g) = -197*g + 9. Let z(j) = -197*j + 10. Let w(p) = 6*f(p) - 5*z(p). Let x(l) = l**2 - 150*l - 1. Let i be x(0). What is the tens digit of w(i)?
0
Let d = 64467 - 43101. What is the thousands digit of d?
1
Suppose -15*x = -23*x - 9440. Let i be ((-2)/6)/((-5)/(5 - x)). Let o = i - 46. What is the tens digit of o?
3
Let w(p) = -p**3 + 34*p**2 - 22*p + 87. Let a(h) = -h**3 + 32*h**2 - 22*h + 86. Let c(x) = 4*a(x) - 3*w(x). What is the tens digit of c(24)?
0
Suppose 27*b - 3 = 26*b. Suppose 5*r + g - 1825 = 0, 332 + 381 = 2*r - b*g. What is the units digit of r?
4
Suppose 203*o - 873818 = 4335855 - 25256. What is the ten thousands digit of o?
2
Let d(p) = p**3 - 11*p**2 - 21*p + 30. Let g = 161 + -147. What is the units digit of d(g)?
4
Let b = -37 - -142. Suppose -883 = -20*q + 5*q + 812. Suppose -v + q = -u - 17, -v + b = 4*u. What is the hundreds digit of v?
1
Let u(q) = 157*q + 163*q + 36 - 329*q + 2*q**2. What is the hundreds digit of u(10)?
1
Suppose 8*s + s - 8*s = 11832. What is the tens digit of s?
3
Let r be -2*2/12 - (-42832)/12. Suppose 5*l + 494 - r = 0. Suppose 12*t - l = 7*t. What is the units digit of t?
3
Let l(a) = 93. Suppose 4*t = f - 36 + 5, 0 = 5*f - 5*t - 95. Let h(p) = 2*p - 185. Let x(r) = f*l(r) + 6*h(r). What is the hundreds digit of x(0)?
2
Let g = -591 - -610. Suppose 7041 = -g*t + 23438. What is the units digit of t?
3
Suppose 0 = 2464*c - 2484*c - 18690 + 80150. What is the hundreds digit of c?
0
Let k(b) = b**3 + 64*b**2 + 65*b - 1173. What is the thousands digit of k(-60)?
9
Let p(l) = -7*l + 55. Suppose 2*r + m - 130 = 0, 3*m = -3*r - 2*m + 209. Let c be (r/15 - 3)/(2/(-10)). What is the units digit of p(c)?
7
Suppose -23 - 9 = -4*i. Let x(f) = 121 + 0*f + 2*f**2 + i*f**3 + f - 123 + 2*f. What is the tens digit of x(3)?
4
Suppose -2*g - 2*u + 6 = -3*g, -5*g - u = 19. What is the hundreds digit of (6/g)/(30/(-2380))?
1
Let t(f) = -18*f - 147. Let b be ((-29)/(-29))/((-3)/93). What is the units digit of t(b)?
1
What is the hundreds digit of (10507/158)/((-1)/(-118))?
8
Let d be (-2 - -4 - 5)/(3/(-2)). Suppose d*s - 193 = 5. Let m = 23 + s. What is the units digit of m?
2
What is the hundreds digit of 2*240124/88 - 124/341?
4
Let r(a) = 127*a + 44. Let g be r(-6). Let y = 13 - g. What is the hundreds digit of y?
7
Suppose -q + 10054 = -2*a + 120416, -3*a + q = -165541. What is the units digit of a?
9
Let z = -3 + 9. Suppose -z*c - 15 - 3 = 0. What is the units digit of (2/c)/((-4)/108)?
8
Suppose -112*l + 142*l - 223650 = 0. What is the hundreds digit of l?
4
Suppose 3*t + 48 = -3*p, 4*p - 5*p = -2*t - 44. Let m = 21 + t. What is the tens digit of 5/((-20)/(-48)) - (-4 + m)?
1
Let l be (-171)/(-2) - 5/((-10)/(-3)). Suppose 1132 = -80*q + l*q. What is the units digit of q?
3
Let k = 3207 - 1189. What is the tens digit of k?
1
Let t(c) be the second derivative of 67*c**3/6 + 6*c**2 + 8*c. Let p be t(-4). Let n = -179 - p. What is the units digit of n?
7
Let s(b) = 4*b**2 + 29*b - 170. Suppose -w + 11 = 3*a, 0 = -3*w + 5*w + a - 32. What is the tens digit of s(w)?
7
Suppose -2*r + 4*c + 511 = 5*c, 0 = 4*r - 5*c - 1015. Let i = 869 - r. What is the hundreds digit of i?
6
Suppose 18*w = 22*w - c - 38726, w + 2*c - 9677 = 0. What is the thousands digit of w?
9
Let v = -281 - -445. Suppose -2*h - 5*s = -733, 1591 + v = 5*h - 3*s. What is the units digit of h?
4
Let u(q) = 31*q - 2. Let r be u(-1). Let k = r - -47. Let a = k + -7. What is the units digit of a?
7
Let n(g) = -2*g**2 + 65*g + 21. Suppose -3*x + 3*i = -54, 3*i = -5*x - i + 54. What is the tens digit of n(x)?
3
Let z = 1712 + -532. Let p = -660 + z. What is the hundreds digit of p?
5
Let